{"id":1707,"date":"2022-03-28T19:32:33","date_gmt":"2022-03-28T17:32:33","guid":{"rendered":"https:\/\/ceolot.cat\/embardissada\/?page_id=1707"},"modified":"2022-04-13T16:35:53","modified_gmt":"2022-04-13T14:35:53","slug":"preguntes-frequents","status":"publish","type":"page","link":"https:\/\/ceolot.cat\/embardissada\/preguntes-frequents\/","title":{"rendered":"Preguntes freq\u00fcents"},"content":{"rendered":"\n<div class=\"wp-block-columns is-layout-flex wp-container-core-columns-is-layout-9d6595d7 wp-block-columns-is-layout-flex\">\n<div class=\"wp-block-column is-layout-flow wp-block-column-is-layout-flow\">\n<div class=\"wp-block-coblocks-faq\">\n<details class=\"wp-block-coblocks-faq-item\"><summary class=\"wp-block-coblocks-faq-item__question\"><div class=\"wp-block-coblocks-faq-item__question__content\"><br>Disposa d&#8217;avituallaments?<\/div><\/summary><div class=\"wp-block-coblocks-faq-item__answer\"><div>\n<p>Hi ha 4 avituallaments amb beguda i menjar. A l&#8217;arribada tamb\u00e9 s&#8217;ofereix beguda i menjar.<\/p>\n<\/div><\/div><\/details>\n\n\n\n<details class=\"wp-block-coblocks-faq-item\"><summary class=\"wp-block-coblocks-faq-item__question\"><div class=\"wp-block-coblocks-faq-item__question__content\">Qu\u00e8 s&#8217;ofereix als controls?<\/div><\/summary><div class=\"wp-block-coblocks-faq-item__answer\"><div>\n<p>Al primer control hi ha begudes. <br>Al segon control hi ha l&#8217;esmorzar que consta de pa amb tom\u00e0quet, embotits i formatge i crema de cacau. <br>Al tercer control hi ha beure, fruita i galetes.<br>Al quart control s&#8217;ofereix beure, fruita i galetes.<\/p>\n<\/div><\/div><\/details>\n\n\n\n<details class=\"wp-block-coblocks-faq-item\"><summary class=\"wp-block-coblocks-faq-item__question\"><div class=\"wp-block-coblocks-faq-item__question__content\">Recomanacions<\/div><\/summary><div class=\"wp-block-coblocks-faq-item__answer\"><div>\n<p>Tot i haver-hi avituallaments recomanem que els participants es portin quelcom per menjar o beure en cas de necessitat.<\/p>\n<\/div><\/div><\/details>\n\n\n\n<details class=\"wp-block-coblocks-faq-item\"><summary class=\"wp-block-coblocks-faq-item__question\"><div class=\"wp-block-coblocks-faq-item__question__content\">Puc portar el meu gos?<\/div><\/summary><div class=\"wp-block-coblocks-faq-item__answer\"><div>\n<p>S\u00ed! Sempre que estigui lligat i no ocasioni problemes.<\/p>\n<\/div><\/div><\/details>\n\n\n\n<details class=\"wp-block-coblocks-faq-item\"><summary class=\"wp-block-coblocks-faq-item__question\"><div class=\"wp-block-coblocks-faq-item__question__content\">Puc fer l&#8217;Embardissada fent running?<\/div><\/summary><div class=\"wp-block-coblocks-faq-item__answer\"><div>\n<p>S\u00ed, s&#8217;accepta fer-la fent running i\/o caminant.<\/p>\n<\/div><\/div><\/details>\n\n\n\n<details class=\"wp-block-coblocks-faq-item\"><summary class=\"wp-block-coblocks-faq-item__question\"><div class=\"wp-block-coblocks-faq-item__question__content\">He rebut un codi QR al meu correu, qu\u00e8 he de fer amb ell?<\/div><\/summary><div class=\"wp-block-coblocks-faq-item__answer\"><div>\n<p>Aquest codi QR \u00e9s molt important que el guardis b\u00e9 al teu m\u00f2bil per tal de comen\u00e7ar i acabar l&#8217;Embardissada. T\u00e9 la funci\u00f3 de tiquet i l&#8217;haur\u00e0s de presentar a la sortida, controls i arribada.<br>En cas que l&#8217;hagis perdut o esborrat el reenviarem a tots els participants el dia abans de l&#8217;Embardissada.<\/p>\n\n\n\n<p><\/p>\n<\/div><\/div><\/details>\n<\/div>\n\n\n\n<div class=\"wp-block-columns is-layout-flex wp-container-core-columns-is-layout-9d6595d7 wp-block-columns-is-layout-flex\">\n<div class=\"wp-block-column is-layout-flow wp-block-column-is-layout-flow\"><\/div>\n<\/div>\n<\/div>\n<\/div>\n","protected":false},"excerpt":{"rendered":"","protected":false},"author":5,"featured_media":0,"parent":0,"menu_order":0,"comment_status":"closed","ping_status":"closed","template":"","meta":{"_acf_changed":false,"_coblocks_attr":"Karla","_coblocks_dimensions":"","_coblocks_responsive_height":"","_coblocks_accordion_ie_support":"","footnotes":""},"class_list":["post-1707","page","type-page","status-publish"],"acf":[],"_links":{"self":[{"href":"https:\/\/ceolot.cat\/embardissada\/wp-json\/wp\/v2\/pages\/1707","targetHints":{"allow":["GET"]}}],"collection":[{"href":"https:\/\/ceolot.cat\/embardissada\/wp-json\/wp\/v2\/pages"}],"about":[{"href":"https:\/\/ceolot.cat\/embardissada\/wp-json\/wp\/v2\/types\/page"}],"author":[{"embeddable":true,"href":"https:\/\/ceolot.cat\/embardissada\/wp-json\/wp\/v2\/users\/5"}],"replies":[{"embeddable":true,"href":"https:\/\/ceolot.cat\/embardissada\/wp-json\/wp\/v2\/comments?post=1707"}],"version-history":[{"count":8,"href":"https:\/\/ceolot.cat\/embardissada\/wp-json\/wp\/v2\/pages\/1707\/revisions"}],"predecessor-version":[{"id":2009,"href":"https:\/\/ceolot.cat\/embardissada\/wp-json\/wp\/v2\/pages\/1707\/revisions\/2009"}],"wp:attachment":[{"href":"https:\/\/ceolot.cat\/embardissada\/wp-json\/wp\/v2\/media?parent=1707"}],"curies":[{"name":"wp","href":"https:\/\/api.w.org\/{rel}","templated":true}]}}