{"id":1204,"date":"2021-11-30T10:36:24","date_gmt":"2021-11-30T09:36:24","guid":{"rendered":"https:\/\/ceolot.cat\/24hm\/?page_id=1204"},"modified":"2025-12-18T17:36:11","modified_gmt":"2025-12-18T16:36:11","slug":"recorregut","status":"publish","type":"page","link":"https:\/\/ceolot.cat\/24hm\/recorregut\/","title":{"rendered":"Etapes"},"content":{"rendered":"\n<h2 class=\"wp-block-heading has-text-color\" style=\"color:#75377d\">ETAPA 1<br>Batet de la Serra<\/h2>\n\n\n\n<h3 class=\"gb-headline gb-headline-91beecf1 gb-headline-text\">18 km i 752mD+<\/h3>\n\n\n\n<p><strong>RECORREGUT<\/strong>:<\/p>\n\n\n\n<ul class=\"wp-block-list\">\n<li>Sortida de la rectoria de Sant Joan les Fonts<\/li>\n\n\n\n<li>Pujada a Batet de la Serra. Avituallament.<\/li>\n\n\n\n<li>Arribada a la rectoria de Sant Joan les Fonts<\/li>\n<\/ul>\n\n\n\n<p>A l&#8217;arribar a la rectoria de Sant Joan les Fonts, hi haur\u00e0 el sopar (per definir). Cal inscripci\u00f3 pr\u00e8via.<\/p>\n\n\n\n<h2 class=\"wp-block-heading has-text-color\" style=\"color:#75377d\">ETAPA 2<br>Torre Canadell<\/h2>\n\n\n\n<h3 class=\"gb-headline gb-headline-66e22671 gb-headline-text\">14 km i 641mD+<\/h3>\n\n\n\n<p><strong>RECORREGUT<\/strong>:<\/p>\n\n\n\n<ul class=\"wp-block-list\">\n<li>Sortida de la rectoria de Sant Joan les Fonts.<\/li>\n\n\n\n<li>Pujada a la Cau, Torre Canadell. Avituallament.<\/li>\n\n\n\n<li>Arribada a la rectoria de Sant Joan les Fonts. Avituallament.<\/li>\n<\/ul>\n\n\n\n<h2 class=\"wp-block-heading has-text-color\" style=\"color:#75377d\">ETAPA 3<br>El C\u00f3s i la Cometa<\/h2>\n\n\n\n<h3 class=\"gb-headline gb-headline-81d4df4f gb-headline-text\">13 km i 538mD+<\/h3>\n\n\n\n<p><strong>RECORREGUT:<\/strong><\/p>\n\n\n\n<ul class=\"wp-block-list\">\n<li>Sortida de la rectoria de Sant Joan les Fonts.<\/li>\n\n\n\n<li>Pujada a El C\u00f3s. Avituallament.<\/li>\n\n\n\n<li>Arribada a la Cometa. Avituallament i esmorzar.<\/li>\n<\/ul>\n\n\n\n<p>Les persones que no continu\u00efn per fer la 4ta etapa se les portar\u00e0 en cotxe a Sant Joan les Fonts. <\/p>\n\n\n\n<h2 class=\"wp-block-heading has-text-color\" style=\"color:#75377d\">ETAPA 4<br>La Devesa i Aiguanegra<\/h2>\n\n\n\n<h3 class=\"gb-headline gb-headline-7c85c276 gb-headline-text\">16km i 771mD+<\/h3>\n\n\n\n<p><strong>RECORREGUT:<\/strong><\/p>\n\n\n\n<ul class=\"wp-block-list\">\n<li>Sortida de la Cometa.<\/li>\n\n\n\n<li>Pujada la Devesa, Begud\u00e0 i Aiguanegra. Avituallament.<\/li>\n\n\n\n<li>Arribada a la rectoria de Sant Joan les Fonts.<\/li>\n\n\n\n<li>Fi de les 24 Hores.<\/li>\n<\/ul>\n\n\n\n<p>A l&#8217;arribar a la rectoria, hi haur\u00e0 el dinar (per definir). Cal inscripci\u00f3 pr\u00e8via.<br>Les persones que nom\u00e9s vulguin participar a la 4ta etapa, hauran de ser a 2\/4 de 9 a Sant Joan les Fonts. Se les portar\u00e0 en cotxe a la Cometa.<\/p>\n\n\n\n<p><\/p>\n","protected":false},"excerpt":{"rendered":"<p>ETAPA 1Batet de la Serra 18 km i 752mD+ RECORREGUT: A l&#8217;arribar a la rectoria de Sant Joan les Fonts, &#8230; <a title=\"Etapes\" class=\"read-more\" href=\"https:\/\/ceolot.cat\/24hm\/recorregut\/\" aria-label=\"M\u00e9s informaci\u00f3 sobre Etapes\">Continua<\/a><\/p>\n","protected":false},"author":5,"featured_media":0,"parent":0,"menu_order":0,"comment_status":"closed","ping_status":"closed","template":"","meta":{"_acf_changed":false,"_coblocks_attr":"","_coblocks_dimensions":"","_coblocks_responsive_height":"","_coblocks_accordion_ie_support":"","footnotes":""},"class_list":["post-1204","page","type-page","status-publish"],"acf":[],"_links":{"self":[{"href":"https:\/\/ceolot.cat\/24hm\/wp-json\/wp\/v2\/pages\/1204","targetHints":{"allow":["GET"]}}],"collection":[{"href":"https:\/\/ceolot.cat\/24hm\/wp-json\/wp\/v2\/pages"}],"about":[{"href":"https:\/\/ceolot.cat\/24hm\/wp-json\/wp\/v2\/types\/page"}],"author":[{"embeddable":true,"href":"https:\/\/ceolot.cat\/24hm\/wp-json\/wp\/v2\/users\/5"}],"replies":[{"embeddable":true,"href":"https:\/\/ceolot.cat\/24hm\/wp-json\/wp\/v2\/comments?post=1204"}],"version-history":[{"count":62,"href":"https:\/\/ceolot.cat\/24hm\/wp-json\/wp\/v2\/pages\/1204\/revisions"}],"predecessor-version":[{"id":3417,"href":"https:\/\/ceolot.cat\/24hm\/wp-json\/wp\/v2\/pages\/1204\/revisions\/3417"}],"wp:attachment":[{"href":"https:\/\/ceolot.cat\/24hm\/wp-json\/wp\/v2\/media?parent=1204"}],"curies":[{"name":"wp","href":"https:\/\/api.w.org\/{rel}","templated":true}]}}

<h2 class="wp-block-heading has-text-color" style="color:#75377d">ETAPA 1<br>Batet de la Serra</h2>



<h3 class="gb-headline gb-headline-91beecf1 gb-headline-text">18 km i 752mD+</h3>



<p><strong>RECORREGUT</strong>:</p>



<ul class="wp-block-list">
<li>Sortida de la rectoria de Sant Joan les Fonts</li>



<li>Pujada a Batet de la Serra. Avituallament.</li>



<li>Arribada a la rectoria de Sant Joan les Fonts</li>
</ul>



<p>A l&#8217;arribar a la rectoria de Sant Joan les Fonts, hi haurà el sopar (per definir). Cal inscripció prèvia.</p>



<h2 class="wp-block-heading has-text-color" style="color:#75377d">ETAPA 2<br>Torre Canadell</h2>



<h3 class="gb-headline gb-headline-66e22671 gb-headline-text">14 km i 641mD+</h3>



<p><strong>RECORREGUT</strong>:</p>



<ul class="wp-block-list">
<li>Sortida de la rectoria de Sant Joan les Fonts.</li>



<li>Pujada a la Cau, Torre Canadell. Avituallament.</li>



<li>Arribada a la rectoria de Sant Joan les Fonts. Avituallament.</li>
</ul>



<h2 class="wp-block-heading has-text-color" style="color:#75377d">ETAPA 3<br>El Cós i la Cometa</h2>



<h3 class="gb-headline gb-headline-81d4df4f gb-headline-text">13 km i 538mD+</h3>



<p><strong>RECORREGUT:</strong></p>



<ul class="wp-block-list">
<li>Sortida de la rectoria de Sant Joan les Fonts.</li>



<li>Pujada a El Cós. Avituallament.</li>



<li>Arribada a la Cometa. Avituallament i esmorzar.</li>
</ul>



<p>Les persones que no continuïn per fer la 4ta etapa se les portarà en cotxe a Sant Joan les Fonts. </p>



<h2 class="wp-block-heading has-text-color" style="color:#75377d">ETAPA 4<br>La Devesa i Aiguanegra</h2>



<h3 class="gb-headline gb-headline-7c85c276 gb-headline-text">16km i 771mD+</h3>



<p><strong>RECORREGUT:</strong></p>



<ul class="wp-block-list">
<li>Sortida de la Cometa.</li>



<li>Pujada la Devesa, Begudà i Aiguanegra. Avituallament.</li>



<li>Arribada a la rectoria de Sant Joan les Fonts.</li>



<li>Fi de les 24 Hores.</li>
</ul>



<p>A l&#8217;arribar a la rectoria, hi haurà el dinar (per definir). Cal inscripció prèvia.<br>Les persones que només vulguin participar a la 4ta etapa, hauran de ser a 2/4 de 9 a Sant Joan les Fonts. Se les portarà en cotxe a la Cometa.</p>



<p></p>

<p>ETAPA 1Batet de la Serra 18 km i 752mD+ RECORREGUT: A l&#8217;arribar a la rectoria de Sant Joan les Fonts, &#8230; <a title="Etapes" class="read-more" href="https://ceolot.cat/24hm/recorregut/" aria-label="Més informació sobre Etapes">Continua</a></p>
